{"id":676,"date":"2024-01-10T21:37:29","date_gmt":"2024-01-10T21:37:29","guid":{"rendered":"https:\/\/centrumdyrehandel.dk\/vare\/exo-terra-mealworm-feeder\/"},"modified":"2024-01-10T21:37:30","modified_gmt":"2024-01-10T21:37:30","slug":"exo-terra-mealworm-feeder","status":"publish","type":"product","link":"https:\/\/centrumdyrehandel.dk\/?product=exo-terra-mealworm-feeder","title":{"rendered":"EXO TERRA MEALWORM FEEDER"},"content":{"rendered":"<p>Exo Terra Melorms sk\u00e5l er ogs\u00e5 smart fordi den hj\u00e6lper dig med mindre affald i terrariet. N\u00e5r folk ikke bruger en sk\u00e5l, hvor ormene ikke kan komme op af, ender det med at kravle rundt over alt i terrariet og nogle af dem vil dyret ikke kunne finde og de vil ligge og d\u00f8 \/ skabe aff\u00f8ring. Hvis de er i en sikker sk\u00e5l, ved man hvor man har dem, og hvis ens dyr ikke vil spise dem alle kan resten smides ud.<br \/>\nS\u00e5 ved hj\u00e6lp af sk\u00e5len undg\u00e5r du en masse ekstra reng\u00f8ring af terrariet. Du sikrer ogs\u00e5 at hver eneste orm bliver brugt, dit dyr kan nemt finde ormene i sk\u00e5len, fremfor hvis de kravler rundt over alt i terrariet.<br \/>\nDu kan nemt tilf\u00f8re vitaminer og mineraler i sk\u00e5len, og hvis der skulle v\u00e6re noget pulver i overskud i sk\u00e5len efter dyret har spist, kan dette bruges n\u00e6ste gang.<br \/>\nSk\u00e5len giver samtidig dit dyr mulighed for at se sit foder (melormene). Hvis man bare slipper dem l\u00f8s i terrariet, kan de hurtigt gemme sig og blive v\u00e6k fra ens dyr.<br \/>\nS\u00e5 d\u00f8jer du tit med melorme og vitamin\/mineral supplement over det hele i terrariet, s\u00e5 er denne sk\u00e5l helt klart den du mangler. Sk\u00e5len er til dig, som bruger melorm som foder og gerne vil have det er nemmere og mindre spild.<\/p>\n<h2>Fordele ved Exo Terra Mealworm Feeder<\/h2>\n<p>&#8211; Lavet i 2 dele, som g\u00f8r den super nem at reng\u00f8re<br \/>\n&#8211; Naturligt look, den skiller sig ikke ud<br \/>\n&#8211; Undg\u00e5 rod, med melorm over alt<br \/>\n&#8211; Sparer p\u00e5 vitamin\/mineral supplement, sk\u00e5len holder resterne og det kan derved genbruges<br \/>\n&#8211; Ingen melorm slipper ud!<\/p>\n","protected":false},"excerpt":{"rendered":"<p>Exo Terra Melorms sk\u00e5l. Melorms sk\u00e5len fra Exo Terra er lavet til at servere melorme i. Melormene kan ved hj\u00e6lp af den h\u00f8je kant p\u00e5 sk\u00e5len ikke kravle ud, og derved kan de frit kravle rundt i sk\u00e5len og dit krybdyr kan spise dem, som den lyster.<br \/>\nSk\u00e5len er lavet i et naturligt sand look, og lavet smart s\u00e5 den \u00f8verste del af den h\u00f8je kant kan pilles af, s\u00e5 sk\u00e5len samtidig bliver nem at reng\u00f8re.<br \/>\nKanten som s\u00e6ttes p\u00e5, er lavet s\u00e5 den g\u00e5r udover den indre kant, hvilket g\u00f8r det umuligt for ormene at slippe ud.<\/p>\n","protected":false},"featured_media":677,"comment_status":"closed","ping_status":"closed","template":"","meta":{"ocean_post_layout":"","ocean_both_sidebars_style":"","ocean_both_sidebars_content_width":0,"ocean_both_sidebars_sidebars_width":0,"ocean_sidebar":"","ocean_second_sidebar":"","ocean_disable_margins":"enable","ocean_add_body_class":"","ocean_shortcode_before_top_bar":"","ocean_shortcode_after_top_bar":"","ocean_shortcode_before_header":"","ocean_shortcode_after_header":"","ocean_has_shortcode":"","ocean_shortcode_after_title":"","ocean_shortcode_before_footer_widgets":"","ocean_shortcode_after_footer_widgets":"","ocean_shortcode_before_footer_bottom":"","ocean_shortcode_after_footer_bottom":"","ocean_display_top_bar":"default","ocean_display_header":"default","ocean_header_style":"","ocean_center_header_left_menu":"","ocean_custom_header_template":"","ocean_custom_logo":0,"ocean_custom_retina_logo":0,"ocean_custom_logo_max_width":0,"ocean_custom_logo_tablet_max_width":0,"ocean_custom_logo_mobile_max_width":0,"ocean_custom_logo_max_height":0,"ocean_custom_logo_tablet_max_height":0,"ocean_custom_logo_mobile_max_height":0,"ocean_header_custom_menu":"","ocean_menu_typo_font_family":"","ocean_menu_typo_font_subset":"","ocean_menu_typo_font_size":0,"ocean_menu_typo_font_size_tablet":0,"ocean_menu_typo_font_size_mobile":0,"ocean_menu_typo_font_size_unit":"px","ocean_menu_typo_font_weight":"","ocean_menu_typo_font_weight_tablet":"","ocean_menu_typo_font_weight_mobile":"","ocean_menu_typo_transform":"","ocean_menu_typo_transform_tablet":"","ocean_menu_typo_transform_mobile":"","ocean_menu_typo_line_height":0,"ocean_menu_typo_line_height_tablet":0,"ocean_menu_typo_line_height_mobile":0,"ocean_menu_typo_line_height_unit":"","ocean_menu_typo_spacing":0,"ocean_menu_typo_spacing_tablet":0,"ocean_menu_typo_spacing_mobile":0,"ocean_menu_typo_spacing_unit":"","ocean_menu_link_color":"","ocean_menu_link_color_hover":"","ocean_menu_link_color_active":"","ocean_menu_link_background":"","ocean_menu_link_hover_background":"","ocean_menu_link_active_background":"","ocean_menu_social_links_bg":"","ocean_menu_social_hover_links_bg":"","ocean_menu_social_links_color":"","ocean_menu_social_hover_links_color":"","ocean_disable_title":"default","ocean_disable_heading":"default","ocean_post_title":"","ocean_post_subheading":"","ocean_post_title_style":"","ocean_post_title_background_color":"","ocean_post_title_background":0,"ocean_post_title_bg_image_position":"","ocean_post_title_bg_image_attachment":"","ocean_post_title_bg_image_repeat":"","ocean_post_title_bg_image_size":"","ocean_post_title_height":0,"ocean_post_title_bg_overlay":0.5,"ocean_post_title_bg_overlay_color":"","ocean_disable_breadcrumbs":"default","ocean_breadcrumbs_color":"","ocean_breadcrumbs_separator_color":"","ocean_breadcrumbs_links_color":"","ocean_breadcrumbs_links_hover_color":"","ocean_display_footer_widgets":"default","ocean_display_footer_bottom":"default","ocean_custom_footer_template":""},"product_brand":[],"product_cat":[91,184,150],"product_tag":[273,280,95],"class_list":{"0":"post-676","1":"product","2":"type-product","3":"status-publish","4":"has-post-thumbnail","6":"product_cat-krybdyr","7":"product_cat-skaale","8":"product_cat-terrarier-og-tilbehoer","9":"product_tag-exo-terra","10":"product_tag-exo-terra-mealworm-feeder","11":"product_tag-krybdyr","13":"entry","14":"has-media","16":"first","17":"instock","18":"featured","19":"taxable","20":"shipping-taxable","21":"purchasable","22":"product-type-simple","23":"has-product-nav","24":"col","25":"span_1_of_3","26":"owp-content-center","27":"owp-thumbs-layout-horizontal","28":"owp-btn-normal","29":"owp-tabs-layout-horizontal","31":"circle-sale"},"supplier_id":null,"supplier_sku":"","barcode":null,"atum_controlled":true,"out_stock_date":null,"out_stock_threshold":null,"inheritable":false,"inbound_stock":0,"stock_on_hold":0,"sold_today":0,"sales_last_days":0,"reserved_stock":0,"customer_returns":0,"warehouse_damage":0,"lost_in_post":0,"other_logs":0,"out_stock_days":0,"lost_sales":0,"has_location":false,"update_date":"2026-05-14T05:39:28","atum_locations":[],"atum_stock_status":"instock","restock_status":false,"low_stock_amount":"","sales_update_date":"2026-05-14T05:39:28","calc_backorders":0,"_links":{"self":[{"href":"https:\/\/centrumdyrehandel.dk\/index.php?rest_route=\/wp\/v2\/product\/676","targetHints":{"allow":["GET"]}}],"collection":[{"href":"https:\/\/centrumdyrehandel.dk\/index.php?rest_route=\/wp\/v2\/product"}],"about":[{"href":"https:\/\/centrumdyrehandel.dk\/index.php?rest_route=\/wp\/v2\/types\/product"}],"replies":[{"embeddable":true,"href":"https:\/\/centrumdyrehandel.dk\/index.php?rest_route=%2Fwp%2Fv2%2Fcomments&post=676"}],"wp:featuredmedia":[{"embeddable":true,"href":"https:\/\/centrumdyrehandel.dk\/index.php?rest_route=\/wp\/v2\/media\/677"}],"wp:attachment":[{"href":"https:\/\/centrumdyrehandel.dk\/index.php?rest_route=%2Fwp%2Fv2%2Fmedia&parent=676"}],"wp:term":[{"taxonomy":"product_brand","embeddable":true,"href":"https:\/\/centrumdyrehandel.dk\/index.php?rest_route=%2Fwp%2Fv2%2Fproduct_brand&post=676"},{"taxonomy":"product_cat","embeddable":true,"href":"https:\/\/centrumdyrehandel.dk\/index.php?rest_route=%2Fwp%2Fv2%2Fproduct_cat&post=676"},{"taxonomy":"product_tag","embeddable":true,"href":"https:\/\/centrumdyrehandel.dk\/index.php?rest_route=%2Fwp%2Fv2%2Fproduct_tag&post=676"}],"curies":[{"name":"wp","href":"https:\/\/api.w.org\/{rel}","templated":true}]}}