{"id":2577,"date":"2024-11-24T11:17:14","date_gmt":"2024-11-24T10:17:14","guid":{"rendered":"https:\/\/centrumdyrehandel.dk\/?post_type=product&#038;p=2577"},"modified":"2024-11-29T13:03:04","modified_gmt":"2024-11-29T12:03:04","slug":"biobed-40l-oekologisk-bioaktivt-bundlag","status":"publish","type":"product","link":"https:\/\/centrumdyrehandel.dk\/?product=biobed-40l-oekologisk-bioaktivt-bundlag","title":{"rendered":"Biobed 40L. \u00d8kologisk bioaktivt bundlag"},"content":{"rendered":"<p class=\"p1\">BIOBED er en spagnumfri og \u00f8kologisk str\u00f8else fyldt med gavnlige mikroorganismer, som hj\u00e6lper med at nedbryde de organiske rester, som dine dyr efterlader.<br \/>\nDette resulterer i et n\u00e6rmest st\u00f8vfrit produkt, som egner sig s\u00e6rdeles godt til dyr med \u00e5ndedr\u00e6tsproblemer, astma og lignende.<br \/>\nLigeledes reducerer de aktive mikroorganismer d\u00e5rlig lugt for\u00e5rsaget af ammoniakfordampning og giver et bedre bund-milj\u00f8 for dine dyr.<\/p>\n<p class=\"p1\">BIOBED kan bruges til dyr i alle st\u00f8rrelser.<br \/>\nAlt lige fra heste og andre klovdyr til mindre dyr som krybdyr og gnavere.<br \/>\nDet bioaktive bundlag vil v\u00e6re med til at oms\u00e6tte dine dyrs efterladenskaber og du vil derved ikke skulle skifte bundlag s\u00e5 ofte.<br \/>\nStr\u00f8elsen giver et godt indeklima hos dine dyr med h\u00f8j luftkvalitet. Det er is\u00e6r godt til dyr med sensitive luftveje eller astma og ligende.<\/p>\n<p>FRI FOR ST\u00d8V:<br \/>\nBIOBED st\u00f8ver minimalt og neds\u00e6tter derved risikoen for luftvejsinfektioner hos din hest og giver et bedre arbejdsmilj\u00f8.<\/p>\n<p>REDUCERER LUGT:<br \/>\nDet aktive biobundlag reducerer ammoniak-fordampningen, hvilket giver et bedre indeklima, da b\u00e5de lugt og m\u00e6ngden af fluer reduceres kraftigt.<\/p>\n<p>BIOAKTIV &#8211; DR\u00d8J I BRUG:<br \/>\nBIOBED er bioaktivt og er med til at nedbryde de organiske rester fra din hest. Dermed holder str\u00f8else i lang tid og kr\u00e6ver ikke hyppig udskiftning.<\/p>\n<p>H\u00d8J SUGEEVNE:<br \/>\nBIOBED har et h\u00f8jt overfladeareal, hvilket giver en rigtig god sugeevne til at absorbere fugt, urin og lignende.<\/p>\n<h4>HVAD ER BIOBED<\/h4>\n<p class=\"cvGsUA direction-ltr align-start para-style-body\">BIOBED er baseret p\u00e5 vores pilekompost, som er et milj\u00f8venligt alternativ, der er b\u00e5de spagnumfri, \u00f8kologisk, vegansk og s\u00e5 er det produceret lokalt i Nordjylland.<\/p>\n<p class=\"cvGsUA direction-ltr align-start para-style-body\">Det er et naturligt produkt lavet af \u00f8kologisk pil som mikroorganismer og svampe har nedbrudt naturligt. BIOBED er s\u00e5ledes fyldt med et naturligt aktivt mikroliv, som arbejder uafbrudt med at nedbryde det organiske materiale fra din hest.<\/p>\n<h4 class=\"cvGsUA direction-ltr align-start para-style-body\">LAVT KLIMAAFTRYK<\/h4>\n<p class=\"p1\">BIOBED har et lavt klimaaftryk v\u00e6rende baseret p\u00e5 pil, gr\u00e6s og urter, som alle er hurtigt voksende afgr\u00f8der man h\u00f8ster p\u00e5 igen og igen. Ud over at det kr\u00e6ver mindre energi, bruger man kun f\u00e5 ressourcer p\u00e5 den minimale forarbejdning af jorden og belaster derved ikke klimaet og milj\u00f8et i s\u00e6rlig h\u00f8j grad.<\/p>\n","protected":false},"excerpt":{"rendered":"<p>BIOBED er en spagnumfri og \u00f8kologisk str\u00f8else fyldt med gavnlige mikroorganismer, som hj\u00e6lper med at nedbryde de organiske rester, som dine dyr efterlader. Dette resulterer i et n\u00e6rmest st\u00f8vfrit produkt, som egner sig s\u00e6rdeles godt til dyr med \u00e5ndedr\u00e6tsproblemer, astma og lignende. Ligeledes reducerer de aktive mikroorganismer d\u00e5rlig lugt for\u00e5rsaget af ammoniakfordampning og giver et [&hellip;]<\/p>\n","protected":false},"featured_media":2579,"comment_status":"open","ping_status":"closed","template":"","meta":{"ocean_post_layout":"","ocean_both_sidebars_style":"","ocean_both_sidebars_content_width":0,"ocean_both_sidebars_sidebars_width":0,"ocean_sidebar":"0","ocean_second_sidebar":"0","ocean_disable_margins":"enable","ocean_add_body_class":"","ocean_shortcode_before_top_bar":"","ocean_shortcode_after_top_bar":"","ocean_shortcode_before_header":"","ocean_shortcode_after_header":"","ocean_has_shortcode":"","ocean_shortcode_after_title":"","ocean_shortcode_before_footer_widgets":"","ocean_shortcode_after_footer_widgets":"","ocean_shortcode_before_footer_bottom":"","ocean_shortcode_after_footer_bottom":"","ocean_display_top_bar":"default","ocean_display_header":"default","ocean_header_style":"","ocean_center_header_left_menu":"0","ocean_custom_header_template":"0","ocean_custom_logo":0,"ocean_custom_retina_logo":0,"ocean_custom_logo_max_width":0,"ocean_custom_logo_tablet_max_width":0,"ocean_custom_logo_mobile_max_width":0,"ocean_custom_logo_max_height":0,"ocean_custom_logo_tablet_max_height":0,"ocean_custom_logo_mobile_max_height":0,"ocean_header_custom_menu":"0","ocean_menu_typo_font_family":"0","ocean_menu_typo_font_subset":"","ocean_menu_typo_font_size":0,"ocean_menu_typo_font_size_tablet":0,"ocean_menu_typo_font_size_mobile":0,"ocean_menu_typo_font_size_unit":"px","ocean_menu_typo_font_weight":"","ocean_menu_typo_font_weight_tablet":"","ocean_menu_typo_font_weight_mobile":"","ocean_menu_typo_transform":"","ocean_menu_typo_transform_tablet":"","ocean_menu_typo_transform_mobile":"","ocean_menu_typo_line_height":0,"ocean_menu_typo_line_height_tablet":0,"ocean_menu_typo_line_height_mobile":0,"ocean_menu_typo_line_height_unit":"","ocean_menu_typo_spacing":0,"ocean_menu_typo_spacing_tablet":0,"ocean_menu_typo_spacing_mobile":0,"ocean_menu_typo_spacing_unit":"","ocean_menu_link_color":"","ocean_menu_link_color_hover":"","ocean_menu_link_color_active":"","ocean_menu_link_background":"","ocean_menu_link_hover_background":"","ocean_menu_link_active_background":"","ocean_menu_social_links_bg":"","ocean_menu_social_hover_links_bg":"","ocean_menu_social_links_color":"","ocean_menu_social_hover_links_color":"","ocean_disable_title":"default","ocean_disable_heading":"default","ocean_post_title":"","ocean_post_subheading":"","ocean_post_title_style":"","ocean_post_title_background_color":"","ocean_post_title_background":0,"ocean_post_title_bg_image_position":"","ocean_post_title_bg_image_attachment":"","ocean_post_title_bg_image_repeat":"","ocean_post_title_bg_image_size":"","ocean_post_title_height":0,"ocean_post_title_bg_overlay":0.5,"ocean_post_title_bg_overlay_color":"","ocean_disable_breadcrumbs":"default","ocean_breadcrumbs_color":"","ocean_breadcrumbs_separator_color":"","ocean_breadcrumbs_links_color":"","ocean_breadcrumbs_links_hover_color":"","ocean_display_footer_widgets":"default","ocean_display_footer_bottom":"default","ocean_custom_footer_template":"0"},"product_brand":[],"product_cat":[121,91],"product_tag":[1009,1008,381,334,95,1010,400,290,317],"class_list":{"0":"post-2577","1":"product","2":"type-product","3":"status-publish","4":"has-post-thumbnail","6":"product_cat-bundlag","7":"product_cat-krybdyr","8":"product_tag-biobed","9":"product_tag-biobed-40l-oekologisk-bioaktivt-bundlag","10":"product_tag-centrumdyrehandel","11":"product_tag-dyr","12":"product_tag-krybdyr","13":"product_tag-oekologisk-bioaktivt-bundlag","14":"product_tag-petstore","15":"product_tag-reptiles","16":"product_tag-slanger","18":"entry","19":"has-media","21":"first","22":"instock","23":"taxable","24":"shipping-taxable","25":"purchasable","26":"product-type-simple","27":"has-product-nav","28":"col","29":"span_1_of_3","30":"owp-content-center","31":"owp-thumbs-layout-horizontal","32":"owp-btn-normal","33":"owp-tabs-layout-horizontal","35":"circle-sale"},"supplier_id":1495,"supplier_sku":"Biobed 40L","barcode":null,"atum_controlled":true,"out_stock_date":null,"out_stock_threshold":null,"inheritable":false,"inbound_stock":0,"stock_on_hold":0,"sold_today":0,"sales_last_days":0,"reserved_stock":0,"customer_returns":0,"warehouse_damage":0,"lost_in_post":0,"other_logs":0,"out_stock_days":0,"lost_sales":0,"has_location":false,"update_date":"2026-05-14T05:39:36","atum_locations":[],"atum_stock_status":"instock","restock_status":false,"low_stock_amount":"","sales_update_date":"2026-05-14T05:39:36","calc_backorders":0,"_links":{"self":[{"href":"https:\/\/centrumdyrehandel.dk\/index.php?rest_route=\/wp\/v2\/product\/2577","targetHints":{"allow":["GET"]}}],"collection":[{"href":"https:\/\/centrumdyrehandel.dk\/index.php?rest_route=\/wp\/v2\/product"}],"about":[{"href":"https:\/\/centrumdyrehandel.dk\/index.php?rest_route=\/wp\/v2\/types\/product"}],"replies":[{"embeddable":true,"href":"https:\/\/centrumdyrehandel.dk\/index.php?rest_route=%2Fwp%2Fv2%2Fcomments&post=2577"}],"wp:featuredmedia":[{"embeddable":true,"href":"https:\/\/centrumdyrehandel.dk\/index.php?rest_route=\/wp\/v2\/media\/2579"}],"wp:attachment":[{"href":"https:\/\/centrumdyrehandel.dk\/index.php?rest_route=%2Fwp%2Fv2%2Fmedia&parent=2577"}],"wp:term":[{"taxonomy":"product_brand","embeddable":true,"href":"https:\/\/centrumdyrehandel.dk\/index.php?rest_route=%2Fwp%2Fv2%2Fproduct_brand&post=2577"},{"taxonomy":"product_cat","embeddable":true,"href":"https:\/\/centrumdyrehandel.dk\/index.php?rest_route=%2Fwp%2Fv2%2Fproduct_cat&post=2577"},{"taxonomy":"product_tag","embeddable":true,"href":"https:\/\/centrumdyrehandel.dk\/index.php?rest_route=%2Fwp%2Fv2%2Fproduct_tag&post=2577"}],"curies":[{"name":"wp","href":"https:\/\/api.w.org\/{rel}","templated":true}]}}