{"id":2076,"date":"2024-10-23T17:10:17","date_gmt":"2024-10-23T15:10:17","guid":{"rendered":"https:\/\/centrumdyrehandel.dk\/vare\/opmadningsfoder-aeg-roed\/"},"modified":"2024-10-23T17:47:54","modified_gmt":"2024-10-23T15:47:54","slug":"opmadningsfoder-aeg-roed","status":"publish","type":"product","link":"https:\/\/centrumdyrehandel.dk\/?product=opmadningsfoder-aeg-roed","title":{"rendered":"Opmadningsfoder (\u00e6g), R\u00f8d"},"content":{"rendered":"<p>\u00c6ggefoder bruges i ruge- og f\u00e6ldningsperioden til fugle. Men kan bruges ogs\u00e5 resten af \u00e5ret, som et fodersupplement. Indeholder vigtige vitaminer, aminosyrer og fedtsyrer.<\/p>\n<p>Opmadningsfoder er utroligt\u00a0proteinrigt og kan bruges som supplement for fugle der lige har brug for\u00a0lidt\u00a0ekstra. Det er et tilskud til stuefugl af alle slags- alt fra undulater, finker, tropefugle, papeg\u00f8jer osv. Godt i perioder hvor fuglene f\u00e6lder- da det kr\u00e6ver protein at danne nye fjer. I avlss\u00e6sonen bruges det n\u00e5r\u00a0fuglen\u00a0har unger og\u00a0den\u00a0kr\u00e6ver lidt ekstra protein og energi.<\/p>\n<p>Blandingen bruges til alle volierefugle og er s\u00e6rligt velegnet til fugle med r\u00f8d fjerpragt.<\/p>\n<p><strong>Indhold:<\/strong><\/p>\n<ul>\n<li>Bageriprodukter<\/li>\n<li>Korn &amp; Fr\u00f8<\/li>\n<li>Mineraler<\/li>\n<li>Sukker &amp; Honning<\/li>\n<li>Olier<\/li>\n<li>\u00c6gprodukter<\/li>\n<li>Vegetabilske Produkter<\/li>\n<\/ul>\n","protected":false},"excerpt":{"rendered":"<p>\u00c6ggefoder bruges i ruge- og f\u00e6ldningsperioden til fugle. Men kan bruges ogs\u00e5 resten af \u00e5ret, som et fodersupplement. Indeholder vigtige vitaminer, aminosyrer og fedtsyrer. Opmadningsfoder er utroligt\u00a0proteinrigt og kan bruges som supplement for fugle der lige har brug for\u00a0lidt\u00a0ekstra. Det er et tilskud til stuefugl af alle slags- alt fra undulater, finker, tropefugle, papeg\u00f8jer osv. [&hellip;]<\/p>\n","protected":false},"featured_media":2086,"comment_status":"closed","ping_status":"closed","template":"","meta":{"ocean_post_layout":"","ocean_both_sidebars_style":"","ocean_both_sidebars_content_width":0,"ocean_both_sidebars_sidebars_width":0,"ocean_sidebar":"0","ocean_second_sidebar":"0","ocean_disable_margins":"enable","ocean_add_body_class":"","ocean_shortcode_before_top_bar":"","ocean_shortcode_after_top_bar":"","ocean_shortcode_before_header":"","ocean_shortcode_after_header":"","ocean_has_shortcode":"","ocean_shortcode_after_title":"","ocean_shortcode_before_footer_widgets":"","ocean_shortcode_after_footer_widgets":"","ocean_shortcode_before_footer_bottom":"","ocean_shortcode_after_footer_bottom":"","ocean_display_top_bar":"default","ocean_display_header":"default","ocean_header_style":"","ocean_center_header_left_menu":"0","ocean_custom_header_template":"0","ocean_custom_logo":0,"ocean_custom_retina_logo":0,"ocean_custom_logo_max_width":0,"ocean_custom_logo_tablet_max_width":0,"ocean_custom_logo_mobile_max_width":0,"ocean_custom_logo_max_height":0,"ocean_custom_logo_tablet_max_height":0,"ocean_custom_logo_mobile_max_height":0,"ocean_header_custom_menu":"0","ocean_menu_typo_font_family":"0","ocean_menu_typo_font_subset":"","ocean_menu_typo_font_size":0,"ocean_menu_typo_font_size_tablet":0,"ocean_menu_typo_font_size_mobile":0,"ocean_menu_typo_font_size_unit":"px","ocean_menu_typo_font_weight":"","ocean_menu_typo_font_weight_tablet":"","ocean_menu_typo_font_weight_mobile":"","ocean_menu_typo_transform":"","ocean_menu_typo_transform_tablet":"","ocean_menu_typo_transform_mobile":"","ocean_menu_typo_line_height":0,"ocean_menu_typo_line_height_tablet":0,"ocean_menu_typo_line_height_mobile":0,"ocean_menu_typo_line_height_unit":"","ocean_menu_typo_spacing":0,"ocean_menu_typo_spacing_tablet":0,"ocean_menu_typo_spacing_mobile":0,"ocean_menu_typo_spacing_unit":"","ocean_menu_link_color":"","ocean_menu_link_color_hover":"","ocean_menu_link_color_active":"","ocean_menu_link_background":"","ocean_menu_link_hover_background":"","ocean_menu_link_active_background":"","ocean_menu_social_links_bg":"","ocean_menu_social_hover_links_bg":"","ocean_menu_social_links_color":"","ocean_menu_social_hover_links_color":"","ocean_disable_title":"default","ocean_disable_heading":"default","ocean_post_title":"","ocean_post_subheading":"","ocean_post_title_style":"","ocean_post_title_background_color":"","ocean_post_title_background":0,"ocean_post_title_bg_image_position":"","ocean_post_title_bg_image_attachment":"","ocean_post_title_bg_image_repeat":"","ocean_post_title_bg_image_size":"","ocean_post_title_height":0,"ocean_post_title_bg_overlay":0.5,"ocean_post_title_bg_overlay_color":"","ocean_disable_breadcrumbs":"default","ocean_breadcrumbs_color":"","ocean_breadcrumbs_separator_color":"","ocean_breadcrumbs_links_color":"","ocean_breadcrumbs_links_hover_color":"","ocean_display_footer_widgets":"default","ocean_display_footer_bottom":"default","ocean_custom_footer_template":"0"},"product_brand":[],"product_cat":[836,509,838],"product_tag":[],"class_list":{"0":"post-2076","1":"product","2":"type-product","3":"status-publish","4":"has-post-thumbnail","6":"product_cat-foder-fugle","7":"product_cat-fugle","8":"product_cat-stue-og-tropefugle","9":"pa_enhed-saek","11":"entry","12":"has-media","14":"first","15":"onbackorder","16":"taxable","17":"shipping-taxable","18":"purchasable","19":"product-type-simple","20":"has-product-nav","21":"col","22":"span_1_of_3","23":"owp-content-center","24":"owp-thumbs-layout-horizontal","25":"owp-btn-normal","26":"owp-tabs-layout-horizontal","28":"circle-sale"},"supplier_id":1581,"supplier_sku":"47239","barcode":null,"atum_controlled":true,"out_stock_date":"2024-10-23 17:10:24","out_stock_threshold":null,"inheritable":false,"inbound_stock":0,"stock_on_hold":0,"sold_today":0,"sales_last_days":0,"reserved_stock":0,"customer_returns":0,"warehouse_damage":0,"lost_in_post":0,"other_logs":0,"out_stock_days":567,"lost_sales":0,"has_location":false,"update_date":"2026-05-14T05:39:32","atum_locations":[],"atum_stock_status":"onbackorder","restock_status":false,"low_stock_amount":2,"sales_update_date":"2026-05-14T05:39:32","calc_backorders":0,"_links":{"self":[{"href":"https:\/\/centrumdyrehandel.dk\/index.php?rest_route=\/wp\/v2\/product\/2076","targetHints":{"allow":["GET"]}}],"collection":[{"href":"https:\/\/centrumdyrehandel.dk\/index.php?rest_route=\/wp\/v2\/product"}],"about":[{"href":"https:\/\/centrumdyrehandel.dk\/index.php?rest_route=\/wp\/v2\/types\/product"}],"replies":[{"embeddable":true,"href":"https:\/\/centrumdyrehandel.dk\/index.php?rest_route=%2Fwp%2Fv2%2Fcomments&post=2076"}],"wp:featuredmedia":[{"embeddable":true,"href":"https:\/\/centrumdyrehandel.dk\/index.php?rest_route=\/wp\/v2\/media\/2086"}],"wp:attachment":[{"href":"https:\/\/centrumdyrehandel.dk\/index.php?rest_route=%2Fwp%2Fv2%2Fmedia&parent=2076"}],"wp:term":[{"taxonomy":"product_brand","embeddable":true,"href":"https:\/\/centrumdyrehandel.dk\/index.php?rest_route=%2Fwp%2Fv2%2Fproduct_brand&post=2076"},{"taxonomy":"product_cat","embeddable":true,"href":"https:\/\/centrumdyrehandel.dk\/index.php?rest_route=%2Fwp%2Fv2%2Fproduct_cat&post=2076"},{"taxonomy":"product_tag","embeddable":true,"href":"https:\/\/centrumdyrehandel.dk\/index.php?rest_route=%2Fwp%2Fv2%2Fproduct_tag&post=2076"}],"curies":[{"name":"wp","href":"https:\/\/api.w.org\/{rel}","templated":true}]}}